se
Is 179009 a multiple of 37?
False
Is 4222542 a multiple of 834?
True
Is 17572 a multiple of 191?
True
Is 250974 a multiple of 146?
True
Is 608 a factor of 375687?
False
Is 36 a factor of 399038?
False
Does 1083 divide 5467770?
False
Is 194 a factor of 4309145?
False
Is 2662682 a multiple of 22?
True
Is 18 a factor of 16048?
False
Is 860 a factor of 8603440?
True
Is 10800 a multiple of 72?
True
Is 4 a factor of 2550?
False
Is 382564 a multiple of 28?
True
Is 33448 a multiple of 194?
False
Does 231 divide 1952971?
False
Does 29 divide 130562?
False
Does 263 divide 4601711?
True
Is 38 a factor of 492961?
False
Is 18204 a multiple of 6?
True
Is 24801 a multiple of 13?
False
Is 262566 a multiple of 503?
True
Does 21 divide 1732336?
False
Is 154 a factor of 1645182?
True
Does 71 divide 802655?
True
Is 292 a factor of 207904?
True
Is 279 a factor of 330713?
False
Is 954697 a multiple of 36?
False
Is 2163692 a multiple of 47?
True
Is 318 a factor of 4224630?
True
Is 400122 a multiple of 18?
True
Does 416 divide 3106086?
False
Does 20 divide 303240?
True
Is 26330 a multiple of 6?
False
Does 91 divide 1320501?
True
Is 193796 a multiple of 4?
True
Is 37 a factor of 266489?
False
Is 42930 a multiple of 53?
True
Is 25 a factor of 2890200?
True
Is 218887 a multiple of 16?
False
Is 322 a factor of 1486030?
True
Is 2018156 a multiple of 71?
False
Is 117 a factor of 549666?
True
Is 1124620 a multiple of 277?
True
Is 34 a factor of 252180?
False
Is 873 a factor of 873571?
False
Is 9 a factor of 18360?
True
Is 736036 a multiple of 388?
True
Does 15 divide 92634?
False
Does 64 divide 54021?
False
Does 206 divide 50157?
False
Is 251 a factor of 6360803?
False
Does 115 divide 595815?
True
Does 2 divide 740936?
True
Is 41 a factor of 25379?
True
Is 819 a factor of 3493854?
True
Is 7623221 a multiple of 215?
False
Does 372 divide 6071349?
False
Does 1031 divide 3456041?
False
Is 7 a factor of 17992?
False
Does 115 divide 173167?
False
Is 201573 a multiple of 116?
False
Is 8 a factor of 316470?
False
Is 389787 a multiple of 41?
True
Does 136 divide 1521704?
True
Is 22 a factor of 4598550?
True
Is 2293836 a multiple of 12?
True
Is 11 a factor of 3153496?
False
Is 542773 a multiple of 133?
True
Does 291 divide 11022161?
False
Is 8 a factor of 83589?
False
Does 7 divide 1441094?
False
Is 867584 a multiple of 12?
False
Is 505934 a multiple of 58?
True
Is 468921 a multiple of 81?
False
Is 1769 a factor of 16371532?
False
Is 49184 a multiple of 47?
False
Is 776 a factor of 5754040?
True
Is 30 a factor of 23139?
False
Is 18 a factor of 192308?
False
Is 1334016 a multiple of 2?
True
Is 304296 a multiple of 93?
True
Does 257 divide 293092?
False
Is 203 a factor of 2566326?
True
Does 3 divide 1217367?
True
Is 16 a factor of 8969829?
False
Does 9 divide 358678?
False
Does 7 divide 1160497?
False
Does 47 divide 937885?
True
Does 10 divide 374035?
False
Is 26 a factor of 33152574?
True
Is 30446880 a multiple of 15?
True
Does 54 divide 750870?
True
Is 1141326 a multiple of 1167?
True
Does 18 divide 12657?
False
Is 83 a factor of 992182?
True
Does 26 divide 1916876?
True
Does 75 divide 23850?
True
Is 665200 a multiple of 10?
True
Does 65 divide 625042?
False
Is 179487 a multiple of 274?
False
Is 34 a factor of 58979?
False
Does 8 divide 74544?
True
Is 233 a factor of 4820400?
False
Does 10 divide 10086934?
False
Is 747560 a multiple of 29?
False
Is 194229 a multiple of 65?
False
Is 81 a factor of 248913?
True
Is 37 a factor of 1667009?
False
Does 21 divide 651643?
False
Is 17808523 a multiple of 1464?
False
Does 187 divide 119680?
True
Is 5864713 a multiple of 916?
False
Does 8 divide 1944216?
True
Is 426291 a multiple of 47?
False
Is 271 a factor of 265659?
False
Is 17 a factor of 788613?
True
Is 1928640 a multiple of 672?
True
Does 19 divide 115805?
True
Is 27999 a multiple of 27?
True
Is 865734 a multiple of 5?
False
Is 11299 a multiple of 4?
False
Does 41 divide 2143900?
False
Does 20 divide 147410?
False
Does 7 divide 78393?
True
Does 530 divide 1267760?
True
Is 439 a factor of 539344?
False
Does 71 divide 257464?
False
Is 2198 a factor of 10133676?
False
Is 727310 a multiple of 10?
True
Is 1944192 a multiple of 128?
True
Does 19 divide 384130?
False
Is 37 a factor of 85914?
True
Is 633491 a multiple of 7?
False
Does 210 divide 2186628?
False
Is 7 a factor of 600824?
True
Is 103 a factor of 45946?
False
Is 12627005 a multiple of 997?
True
Does 2 divide 144422?
True
Is 58 a factor of 39846?
True
Is 22 a factor of 307489?
False
Is 30682 a multiple of 278?
False
Does 433 divide 141474?
False
Does 8 divide 9178?
False
Is 19098 a multiple of 167?
False
Is 194488 a multiple of 322?
True
Is 12222 a multiple of 18?
True
Does 166 divide 1709981?
False
Is 19358482 a multiple of 897?
False
Is 871192 a multiple of 104?
False
Is 17 a factor of 1190527?
True
Does 55 divide 210838?
False
Is 6 a factor of 24782?
False
Is 775 a factor of 2328875?
True
Does 113 divide 931871?
False
Is 137 a factor of 129602?
True
Is 1043666 a multiple of 586?
True
Is 283213 a multiple of 13?
False
Is 25757 a multiple of 432?
False
Is 7 a factor of 3448361?
True
Does 7 divide 366292?
False
Is 105242 a multiple of 22?
False
Is 2622976 a multiple of 8?
True
Does 91 divide 30576?
True
Is 269 a factor of 130465?
True
Is 319085 a multiple of 13?
True
Does 370 divide 855336?
False
Is 8 a factor of 231701?
False
Does 42 divide 459564?
True
Is 18612517 a multiple of 45?
False
Is 73080 a multiple of 56?
True
Is 70 a factor of 1555621?
False
Is 24 a factor of 37080?
True
Does 140 divide 7291620?
True
Is 98985 a multiple of 5?
True
Is 22 a factor of 49109?
False
Does 340 divide 555826?
False
Is 2371378 a multiple of 79?
False
Does 207 divide 1417329?
True
Is 325512 a multiple of 19?
False
Is 17022991 a multiple of 1102?
False
Is 9330 a multiple of 7?
False
Is 910270 a multiple of 119?
False
Does 5 divide 90571?
False
Does 41 divide 4868?
False
Is 191770 a multiple of 755?
True
Is 44412 a multiple of 4?
True
Is 9968323 a multiple of 189?
False
Does 87 divide 68935?
False
Is 913198 a multiple of 732?
False
Is 557726 a multiple of 494?
True
Is 654116 a multiple of 43?
True
Is 12376 a multiple of 56?
True
Is 13 a factor of 83077?
False
Is 10 a factor of 2188921?
False
Is 236287 a multiple of 14?
False
Is 84769 a multiple of 29?
False
Does 2 divide 50930?
True
Does 133 divide 186330?
False
Is 286164 a multiple of 18?
True
Is 83 a factor of 176454?
False
Is 331409 a multiple of 545?
False
Is 3295670 a multiple of 23?
True
Does 63 divide 171207?
False
Is 510 a factor of 773160?
True
Is 717 a factor of 1425478?
False
Does 453 divide 778707?
True
Is 373554 a multiple of 18?
True
Does 4 divide 423954?
False
Is 10 a factor of 30340?
True
Does 266 divide 137522?
True
Does 20 divide 17886740?
True
Is 9112262 a multiple of 599?
False
Does 79 divide 333696?
True
Does 154 divide 5466485?
False
Is 726 a factor of 657030?
True
Is 24675710 a multiple of 10?
True
Is 44 a factor of 69045?
False
Does 2216 divide 11325976?
True
Does 8 divide 4762896?
True
Is 11 a factor of 479182?
True
Does 7 divide 262820?
False
Does 8 divide 500204?
False
Is 3287368 a multiple of 188?
True
Is 1861585 a multiple of 55?
True
Does 17 divide 228569?
False
Is 71 a factor of 351848?
False
Does 25 divide 19237575?
True
Does 238 divide 20568?
False
Does 10 divide 194360?
True
Does 25 divide 3475575?
True
Does 42 divide 3202177?
False
Is 92 a factor of 1098848?
True
Is 145 a factor of 88595?
True
Is 232555 a multiple of 188?
False
Does 992 divide 1689801?
False
Does 36 divide 249264?
True
Is 149 a factor of 142891?
True
Is 275904 a multiple of 32?
True
Is 18 a factor of 1212084?
True
Is 1970676 a multiple of 514?
True
Does 9 divide 1977912?
True
Is 117150 a multiple of 142?
True
Is 7397840 a multiple of 91?
False
Is 471 a factor of 459619?
False
Does 207 divide 36959?
False
Is 349 a factor of 583179?
True
Is 34 a factor of 152354?
True
Is 149 a factor of 9204624?
True
Is 2552742 a multiple of 246?
True
Is 35 a factor of 25725?
True
Is 133 a factor of 457963?
False
Does 36 divide 65412?
True
Is 232 a factor of 3601560?
False
Is 61 a factor of 142740?
True
Is 796654 a multiple of 19?
False
Is 913512 a multiple of 267?
False
Is 10373 a multiple of 27?
False
Is 7618